{"id":5601,"date":"2016-04-12T11:31:12","date_gmt":"2016-04-12T09:31:12","guid":{"rendered":"https:\/\/invest-park.com.pl\/wp-content\/uploads\/2016\/04\/wicepremier-Jaros\u0142aw-Gowin.jpg"},"modified":"2016-04-12T11:31:12","modified_gmt":"2016-04-12T09:31:12","slug":"wicepremier-jaroslaw-gowin","status":"inherit","type":"attachment","link":"https:\/\/archiwum.invest-park.com.pl\/en\/blog\/2016\/04\/12\/pomost-naukowo-technologiczny\/wicepremier-jaroslaw-gowin\/","title":{"rendered":"wicepremier Jaros\u0142aw Gowin"},"author":1,"featured_media":0,"comment_status":"open","ping_status":"closed","template":"","meta":{"_acf_changed":false},"class_list":["post-5601","attachment","type-attachment","status-inherit","hentry"],"acf":[],"yoast_head":"<!-- This site is optimized with the Yoast SEO plugin v27.5 - https:\/\/yoast.com\/product\/yoast-seo-wordpress\/ -->\n<title>wicepremier Jaros\u0142aw Gowin - WSSE &quot;INVEST-PARK&quot;. Wa\u0142brzyska Specjalna Strefa Ekonomiczna &quot;INVEST-PARK&quot;.<\/title>\n<meta name=\"robots\" content=\"index, follow, max-snippet:-1, max-image-preview:large, max-video-preview:-1\" \/>\n<link rel=\"canonical\" href=\"https:\/\/archiwum.invest-park.com.pl\/wp-content\/uploads\/2016\/04\/wicepremier-Jaros\u0142aw-Gowin.jpg\" \/>\n<meta property=\"og:locale\" content=\"en_US\" \/>\n<meta property=\"og:type\" content=\"article\" \/>\n<meta property=\"og:title\" content=\"wicepremier Jaros\u0142aw Gowin - WSSE &quot;INVEST-PARK&quot;. Wa\u0142brzyska Specjalna Strefa Ekonomiczna &quot;INVEST-PARK&quot;.\" \/>\n<meta property=\"og:description\" content=\"Read More...\" \/>\n<meta property=\"og:url\" content=\"https:\/\/archiwum.invest-park.com.pl\/wp-content\/uploads\/2016\/04\/wicepremier-Jaros\u0142aw-Gowin.jpg\" \/>\n<meta property=\"og:site_name\" content=\"WSSE &quot;INVEST-PARK&quot;. Wa\u0142brzyska Specjalna Strefa Ekonomiczna &quot;INVEST-PARK&quot;.\" \/>\n<meta property=\"og:image\" content=\"https:\/\/archiwum.invest-park.com.pl\/wp-content\/uploads\/2016\/04\/wicepremier-Jaros\u0142aw-Gowin.jpg\" \/>\n\t<meta property=\"og:image:width\" content=\"2510\" \/>\n\t<meta property=\"og:image:height\" content=\"1658\" \/>\n\t<meta property=\"og:image:type\" content=\"image\/jpeg\" \/>\n<script type=\"application\/ld+json\" class=\"yoast-schema-graph\">{\"@context\":\"https:\\\/\\\/schema.org\",\"@graph\":[{\"@type\":\"WebPage\",\"@id\":\"https:\\\/\\\/archiwum.invest-park.com.pl\\\/wp-content\\\/uploads\\\/2016\\\/04\\\/wicepremier-Jaros\u0142aw-Gowin.jpg\",\"url\":\"https:\\\/\\\/archiwum.invest-park.com.pl\\\/wp-content\\\/uploads\\\/2016\\\/04\\\/wicepremier-Jaros\u0142aw-Gowin.jpg\",\"name\":\"wicepremier Jaros\u0142aw Gowin - WSSE &quot;INVEST-PARK&quot;. Wa\u0142brzyska Specjalna Strefa Ekonomiczna &quot;INVEST-PARK&quot;.\",\"isPartOf\":{\"@id\":\"https:\\\/\\\/archiwum.invest-park.com.pl\\\/#website\"},\"datePublished\":\"2016-04-12T09:31:12+00:00\",\"breadcrumb\":{\"@id\":\"https:\\\/\\\/archiwum.invest-park.com.pl\\\/wp-content\\\/uploads\\\/2016\\\/04\\\/wicepremier-Jaros\u0142aw-Gowin.jpg#breadcrumb\"},\"inLanguage\":\"en-US\",\"potentialAction\":[{\"@type\":\"ReadAction\",\"target\":[\"https:\\\/\\\/archiwum.invest-park.com.pl\\\/wp-content\\\/uploads\\\/2016\\\/04\\\/wicepremier-Jaros\u0142aw-Gowin.jpg\"]}]},{\"@type\":\"BreadcrumbList\",\"@id\":\"https:\\\/\\\/archiwum.invest-park.com.pl\\\/wp-content\\\/uploads\\\/2016\\\/04\\\/wicepremier-Jaros\u0142aw-Gowin.jpg#breadcrumb\",\"itemListElement\":[{\"@type\":\"ListItem\",\"position\":1,\"name\":\"Strona g\u0142\u00f3wna\",\"item\":\"https:\\\/\\\/archiwum.invest-park.com.pl\\\/en\\\/\"},{\"@type\":\"ListItem\",\"position\":2,\"name\":\"Pomost naukowo-technologiczny\",\"item\":\"https:\\\/\\\/archiwum.invest-park.com.pl\\\/blog\\\/2016\\\/04\\\/12\\\/pomost-naukowo-technologiczny\\\/\"},{\"@type\":\"ListItem\",\"position\":3,\"name\":\"wicepremier Jaros\u0142aw Gowin\"}]},{\"@type\":\"WebSite\",\"@id\":\"https:\\\/\\\/archiwum.invest-park.com.pl\\\/#website\",\"url\":\"https:\\\/\\\/archiwum.invest-park.com.pl\\\/\",\"name\":\"WSSE &quot;INVEST-PARK&quot;. Wa\u0142brzyska Specjalna Strefa Ekonomiczna &quot;INVEST-PARK&quot;.\",\"description\":\"Wa\u0142brzyska Specjalna Strefa Ekonomiczna to jedna z najwi\u0119kszych i najdynamiczniej rozwijaj\u0105cych si\u0119 stref ekonomicznych w Polsce | Znajd\u017a tereny inwestycyjne z ulgami podatkowymi | Dzia\u0142ki inwestycyjne | Tereny inwestycyjne | Strefy ekonomiczne w Polsce | Invest in Poland in Special Economic Zone\",\"potentialAction\":[{\"@type\":\"SearchAction\",\"target\":{\"@type\":\"EntryPoint\",\"urlTemplate\":\"https:\\\/\\\/archiwum.invest-park.com.pl\\\/?s={search_term_string}\"},\"query-input\":{\"@type\":\"PropertyValueSpecification\",\"valueRequired\":true,\"valueName\":\"search_term_string\"}}],\"inLanguage\":\"en-US\"}]}<\/script>\n<!-- \/ Yoast SEO plugin. -->","yoast_head_json":{"title":"wicepremier Jaros\u0142aw Gowin - WSSE &quot;INVEST-PARK&quot;. Wa\u0142brzyska Specjalna Strefa Ekonomiczna &quot;INVEST-PARK&quot;.","robots":{"index":"index","follow":"follow","max-snippet":"max-snippet:-1","max-image-preview":"max-image-preview:large","max-video-preview":"max-video-preview:-1"},"canonical":"https:\/\/archiwum.invest-park.com.pl\/wp-content\/uploads\/2016\/04\/wicepremier-Jaros\u0142aw-Gowin.jpg","og_locale":"en_US","og_type":"article","og_title":"wicepremier Jaros\u0142aw Gowin - WSSE &quot;INVEST-PARK&quot;. Wa\u0142brzyska Specjalna Strefa Ekonomiczna &quot;INVEST-PARK&quot;.","og_description":"Read More...","og_url":"https:\/\/archiwum.invest-park.com.pl\/wp-content\/uploads\/2016\/04\/wicepremier-Jaros\u0142aw-Gowin.jpg","og_site_name":"WSSE &quot;INVEST-PARK&quot;. Wa\u0142brzyska Specjalna Strefa Ekonomiczna &quot;INVEST-PARK&quot;.","og_image":[{"width":2510,"height":1658,"url":"https:\/\/archiwum.invest-park.com.pl\/wp-content\/uploads\/2016\/04\/wicepremier-Jaros\u0142aw-Gowin.jpg","type":"image\/jpeg"}],"schema":{"@context":"https:\/\/schema.org","@graph":[{"@type":"WebPage","@id":"https:\/\/archiwum.invest-park.com.pl\/wp-content\/uploads\/2016\/04\/wicepremier-Jaros\u0142aw-Gowin.jpg","url":"https:\/\/archiwum.invest-park.com.pl\/wp-content\/uploads\/2016\/04\/wicepremier-Jaros\u0142aw-Gowin.jpg","name":"wicepremier Jaros\u0142aw Gowin - WSSE &quot;INVEST-PARK&quot;. Wa\u0142brzyska Specjalna Strefa Ekonomiczna &quot;INVEST-PARK&quot;.","isPartOf":{"@id":"https:\/\/archiwum.invest-park.com.pl\/#website"},"datePublished":"2016-04-12T09:31:12+00:00","breadcrumb":{"@id":"https:\/\/archiwum.invest-park.com.pl\/wp-content\/uploads\/2016\/04\/wicepremier-Jaros\u0142aw-Gowin.jpg#breadcrumb"},"inLanguage":"en-US","potentialAction":[{"@type":"ReadAction","target":["https:\/\/archiwum.invest-park.com.pl\/wp-content\/uploads\/2016\/04\/wicepremier-Jaros\u0142aw-Gowin.jpg"]}]},{"@type":"BreadcrumbList","@id":"https:\/\/archiwum.invest-park.com.pl\/wp-content\/uploads\/2016\/04\/wicepremier-Jaros\u0142aw-Gowin.jpg#breadcrumb","itemListElement":[{"@type":"ListItem","position":1,"name":"Strona g\u0142\u00f3wna","item":"https:\/\/archiwum.invest-park.com.pl\/en\/"},{"@type":"ListItem","position":2,"name":"Pomost naukowo-technologiczny","item":"https:\/\/archiwum.invest-park.com.pl\/blog\/2016\/04\/12\/pomost-naukowo-technologiczny\/"},{"@type":"ListItem","position":3,"name":"wicepremier Jaros\u0142aw Gowin"}]},{"@type":"WebSite","@id":"https:\/\/archiwum.invest-park.com.pl\/#website","url":"https:\/\/archiwum.invest-park.com.pl\/","name":"WSSE &quot;INVEST-PARK&quot;. Wa\u0142brzyska Specjalna Strefa Ekonomiczna &quot;INVEST-PARK&quot;.","description":"Wa\u0142brzyska Specjalna Strefa Ekonomiczna to jedna z najwi\u0119kszych i najdynamiczniej rozwijaj\u0105cych si\u0119 stref ekonomicznych w Polsce | Znajd\u017a tereny inwestycyjne z ulgami podatkowymi | Dzia\u0142ki inwestycyjne | Tereny inwestycyjne | Strefy ekonomiczne w Polsce | Invest in Poland in Special Economic Zone","potentialAction":[{"@type":"SearchAction","target":{"@type":"EntryPoint","urlTemplate":"https:\/\/archiwum.invest-park.com.pl\/?s={search_term_string}"},"query-input":{"@type":"PropertyValueSpecification","valueRequired":true,"valueName":"search_term_string"}}],"inLanguage":"en-US"}]}},"description":{"rendered":"<p class=\"attachment\"><a href='https:\/\/archiwum.invest-park.com.pl\/wp-content\/uploads\/2016\/04\/wicepremier-Jaros\u0142aw-Gowin.jpg'><img loading=\"lazy\" decoding=\"async\" width=\"300\" height=\"198\" src=\"https:\/\/archiwum.invest-park.com.pl\/wp-content\/uploads\/2016\/04\/wicepremier-Jaros\u0142aw-Gowin-300x198.jpg\" class=\"attachment-medium size-medium\" alt=\"Brak opisu obrazka\" srcset=\"https:\/\/archiwum.invest-park.com.pl\/wp-content\/uploads\/2016\/04\/wicepremier-Jaros\u0142aw-Gowin-300x198.jpg 300w, https:\/\/archiwum.invest-park.com.pl\/wp-content\/uploads\/2016\/04\/wicepremier-Jaros\u0142aw-Gowin-768x507.jpg 768w, https:\/\/archiwum.invest-park.com.pl\/wp-content\/uploads\/2016\/04\/wicepremier-Jaros\u0142aw-Gowin-393x260.jpg 393w, https:\/\/archiwum.invest-park.com.pl\/wp-content\/uploads\/2016\/04\/wicepremier-Jaros\u0142aw-Gowin-270x178.jpg 270w, https:\/\/archiwum.invest-park.com.pl\/wp-content\/uploads\/2016\/04\/wicepremier-Jaros\u0142aw-Gowin-1024x676.jpg 1024w, https:\/\/archiwum.invest-park.com.pl\/wp-content\/uploads\/2016\/04\/wicepremier-Jaros\u0142aw-Gowin-600x396.jpg 600w\" sizes=\"auto, (max-width: 300px) 100vw, 300px\" \/><\/a><\/p>\n"},"caption":{"rendered":"\n<p class=\"text-right\"><a class=\"btn btn-secondary understrap-read-more-link\" href=\"https:\/\/archiwum.invest-park.com.pl\/en\/blog\/2016\/04\/12\/pomost-naukowo-technologiczny\/wicepremier-jaroslaw-gowin\/\">Read More&#8230;<\/a><\/p>\n"},"alt_text":"","media_type":"image","mime_type":"image\/jpeg","media_details":{"width":2510,"height":1658,"file":"2016\/04\/wicepremier-Jaros\u0142aw-Gowin.jpg","sizes":{"medium_large":{"file":"wicepremier-Jaros\u0142aw-Gowin-768x507.jpg","width":768,"height":507,"mime_type":"image\/jpeg","source_url":"https:\/\/archiwum.invest-park.com.pl\/wp-content\/uploads\/2016\/04\/wicepremier-Jaros\u0142aw-Gowin-768x507.jpg"},"news-boxes":{"file":"wicepremier-Jaros\u0142aw-Gowin-393x260.jpg","width":393,"height":260,"mime_type":"image\/jpeg","source_url":"https:\/\/archiwum.invest-park.com.pl\/wp-content\/uploads\/2016\/04\/wicepremier-Jaros\u0142aw-Gowin-393x260.jpg"},"thumbnail":{"file":"wicepremier-Jaros\u0142aw-Gowin-270x178.jpg","width":270,"height":178,"mime_type":"image\/jpeg","source_url":"https:\/\/archiwum.invest-park.com.pl\/wp-content\/uploads\/2016\/04\/wicepremier-Jaros\u0142aw-Gowin-270x178.jpg"},"medium":{"file":"wicepremier-Jaros\u0142aw-Gowin-300x198.jpg","width":300,"height":198,"mime_type":"image\/jpeg","source_url":"https:\/\/archiwum.invest-park.com.pl\/wp-content\/uploads\/2016\/04\/wicepremier-Jaros\u0142aw-Gowin-300x198.jpg"},"large":{"file":"wicepremier-Jaros\u0142aw-Gowin-1024x676.jpg","width":1024,"height":676,"mime_type":"image\/jpeg","source_url":"https:\/\/archiwum.invest-park.com.pl\/wp-content\/uploads\/2016\/04\/wicepremier-Jaros\u0142aw-Gowin-1024x676.jpg"},"wysija-newsletters-max":{"file":"wicepremier-Jaros\u0142aw-Gowin-600x396.jpg","width":600,"height":396,"mime_type":"image\/jpeg","source_url":"https:\/\/archiwum.invest-park.com.pl\/wp-content\/uploads\/2016\/04\/wicepremier-Jaros\u0142aw-Gowin-600x396.jpg"},"owl_widget":{"file":"wicepremier-Jaros\u0142aw-Gowin-180x100.jpg","width":180,"height":100,"mime_type":"image\/jpeg","source_url":"https:\/\/archiwum.invest-park.com.pl\/wp-content\/uploads\/2016\/04\/wicepremier-Jaros\u0142aw-Gowin-180x100.jpg"},"owl_function":{"file":"wicepremier-Jaros\u0142aw-Gowin-600x280.jpg","width":600,"height":280,"mime_type":"image\/jpeg","source_url":"https:\/\/archiwum.invest-park.com.pl\/wp-content\/uploads\/2016\/04\/wicepremier-Jaros\u0142aw-Gowin-600x280.jpg"},"full":{"file":"wicepremier-Jaros\u0142aw-Gowin.jpg","width":2510,"height":1658,"mime_type":"image\/jpeg","source_url":"https:\/\/archiwum.invest-park.com.pl\/wp-content\/uploads\/2016\/04\/wicepremier-Jaros\u0142aw-Gowin.jpg"}},"image_meta":{"aperture":"0","credit":"","camera":"","caption":"","created_timestamp":"0","copyright":"","focal_length":"0","iso":"0","shutter_speed":"0","title":"","orientation":"1","keywords":[]}},"post":5595,"source_url":"https:\/\/archiwum.invest-park.com.pl\/wp-content\/uploads\/2016\/04\/wicepremier-Jaros\u0142aw-Gowin.jpg","_links":{"self":[{"href":"https:\/\/archiwum.invest-park.com.pl\/en\/wp-json\/wp\/v2\/media\/5601","targetHints":{"allow":["GET"]}}],"collection":[{"href":"https:\/\/archiwum.invest-park.com.pl\/en\/wp-json\/wp\/v2\/media"}],"about":[{"href":"https:\/\/archiwum.invest-park.com.pl\/en\/wp-json\/wp\/v2\/types\/attachment"}],"author":[{"embeddable":true,"href":"https:\/\/archiwum.invest-park.com.pl\/en\/wp-json\/wp\/v2\/users\/1"}],"replies":[{"embeddable":true,"href":"https:\/\/archiwum.invest-park.com.pl\/en\/wp-json\/wp\/v2\/comments?post=5601"}],"wp:attached-to":[{"embeddable":true,"post_type":"post","id":5595,"href":"https:\/\/archiwum.invest-park.com.pl\/en\/wp-json\/wp\/v2\/posts\/5595"}],"curies":[{"name":"wp","href":"https:\/\/api.w.org\/{rel}","templated":true}]}}

https://invest-park.com.pl/wp-content/uploads/2016/04/wicepremier-Jarosław-Gowin.jpg

wicepremier Jarosław Gowin

<!-- This site is optimized with the Yoast SEO plugin v27.5 - https://yoast.com/product/yoast-seo-wordpress/ -->
<title>wicepremier Jarosław Gowin - WSSE &quot;INVEST-PARK&quot;. Wałbrzyska Specjalna Strefa Ekonomiczna &quot;INVEST-PARK&quot;.</title>
<meta name="robots" content="index, follow, max-snippet:-1, max-image-preview:large, max-video-preview:-1" />
<link rel="canonical" href="https://archiwum.invest-park.com.pl/wp-content/uploads/2016/04/wicepremier-Jarosław-Gowin.jpg" />
<meta property="og:locale" content="en_US" />
<meta property="og:type" content="article" />
<meta property="og:title" content="wicepremier Jarosław Gowin - WSSE &quot;INVEST-PARK&quot;. Wałbrzyska Specjalna Strefa Ekonomiczna &quot;INVEST-PARK&quot;." />
<meta property="og:description" content="Read More..." />
<meta property="og:url" content="https://archiwum.invest-park.com.pl/wp-content/uploads/2016/04/wicepremier-Jarosław-Gowin.jpg" />
<meta property="og:site_name" content="WSSE &quot;INVEST-PARK&quot;. Wałbrzyska Specjalna Strefa Ekonomiczna &quot;INVEST-PARK&quot;." />
<meta property="og:image" content="https://archiwum.invest-park.com.pl/wp-content/uploads/2016/04/wicepremier-Jarosław-Gowin.jpg" />
	<meta property="og:image:width" content="2510" />
	<meta property="og:image:height" content="1658" />
	<meta property="og:image:type" content="image/jpeg" />
<script type="application/ld+json" class="yoast-schema-graph">{"@context":"https:\/\/schema.org","@graph":[{"@type":"WebPage","@id":"https:\/\/archiwum.invest-park.com.pl\/wp-content\/uploads\/2016\/04\/wicepremier-Jarosław-Gowin.jpg","url":"https:\/\/archiwum.invest-park.com.pl\/wp-content\/uploads\/2016\/04\/wicepremier-Jarosław-Gowin.jpg","name":"wicepremier Jarosław Gowin - WSSE &quot;INVEST-PARK&quot;. Wałbrzyska Specjalna Strefa Ekonomiczna &quot;INVEST-PARK&quot;.","isPartOf":{"@id":"https:\/\/archiwum.invest-park.com.pl\/#website"},"datePublished":"2016-04-12T09:31:12+00:00","breadcrumb":{"@id":"https:\/\/archiwum.invest-park.com.pl\/wp-content\/uploads\/2016\/04\/wicepremier-Jarosław-Gowin.jpg#breadcrumb"},"inLanguage":"en-US","potentialAction":[{"@type":"ReadAction","target":["https:\/\/archiwum.invest-park.com.pl\/wp-content\/uploads\/2016\/04\/wicepremier-Jarosław-Gowin.jpg"]}]},{"@type":"BreadcrumbList","@id":"https:\/\/archiwum.invest-park.com.pl\/wp-content\/uploads\/2016\/04\/wicepremier-Jarosław-Gowin.jpg#breadcrumb","itemListElement":[{"@type":"ListItem","position":1,"name":"Strona główna","item":"https:\/\/archiwum.invest-park.com.pl\/en\/"},{"@type":"ListItem","position":2,"name":"Pomost naukowo-technologiczny","item":"https:\/\/archiwum.invest-park.com.pl\/blog\/2016\/04\/12\/pomost-naukowo-technologiczny\/"},{"@type":"ListItem","position":3,"name":"wicepremier Jarosław Gowin"}]},{"@type":"WebSite","@id":"https:\/\/archiwum.invest-park.com.pl\/#website","url":"https:\/\/archiwum.invest-park.com.pl\/","name":"WSSE &quot;INVEST-PARK&quot;. Wałbrzyska Specjalna Strefa Ekonomiczna &quot;INVEST-PARK&quot;.","description":"Wałbrzyska Specjalna Strefa Ekonomiczna to jedna z największych i najdynamiczniej rozwijających się stref ekonomicznych w Polsce | Znajdź tereny inwestycyjne z ulgami podatkowymi | Działki inwestycyjne | Tereny inwestycyjne | Strefy ekonomiczne w Polsce | Invest in Poland in Special Economic Zone","potentialAction":[{"@type":"SearchAction","target":{"@type":"EntryPoint","urlTemplate":"https:\/\/archiwum.invest-park.com.pl\/?s={search_term_string}"},"query-input":{"@type":"PropertyValueSpecification","valueRequired":true,"valueName":"search_term_string"}}],"inLanguage":"en-US"}]}</script>
<!-- / Yoast SEO plugin. -->

wicepremier Jarosław Gowin - WSSE &quot;INVEST-PARK&quot;. Wałbrzyska Specjalna Strefa Ekonomiczna &quot;INVEST-PARK&quot;.

https://archiwum.invest-park.com.pl/wp-content/uploads/2016/04/wicepremier-Jarosław-Gowin.jpg

WSSE &quot;INVEST-PARK&quot;. Wałbrzyska Specjalna Strefa Ekonomiczna &quot;INVEST-PARK&quot;.

https://archiwum.invest-park.com.pl/wp-content/uploads/2016/04/wicepremier-Jarosław-Gowin.jpg#breadcrumb

Strona główna

Wałbrzyska Specjalna Strefa Ekonomiczna to jedna z największych i najdynamiczniej rozwijających się stref ekonomicznych w Polsce | Znajdź tereny inwestycyjne z ulgami podatkowymi | Działki inwestycyjne | Tereny inwestycyjne | Strefy ekonomiczne w Polsce | Invest in Poland in Special Economic Zone

<p class="attachment"><a href='https://archiwum.invest-park.com.pl/wp-content/uploads/2016/04/wicepremier-Jarosław-Gowin.jpg'><img loading="lazy" decoding="async" width="300" height="198" src="https://archiwum.invest-park.com.pl/wp-content/uploads/2016/04/wicepremier-Jarosław-Gowin-300x198.jpg" class="attachment-medium size-medium" alt="Brak opisu obrazka" srcset="https://archiwum.invest-park.com.pl/wp-content/uploads/2016/04/wicepremier-Jarosław-Gowin-300x198.jpg 300w, https://archiwum.invest-park.com.pl/wp-content/uploads/2016/04/wicepremier-Jarosław-Gowin-768x507.jpg 768w, https://archiwum.invest-park.com.pl/wp-content/uploads/2016/04/wicepremier-Jarosław-Gowin-393x260.jpg 393w, https://archiwum.invest-park.com.pl/wp-content/uploads/2016/04/wicepremier-Jarosław-Gowin-270x178.jpg 270w, https://archiwum.invest-park.com.pl/wp-content/uploads/2016/04/wicepremier-Jarosław-Gowin-1024x676.jpg 1024w, https://archiwum.invest-park.com.pl/wp-content/uploads/2016/04/wicepremier-Jarosław-Gowin-600x396.jpg 600w" sizes="auto, (max-width: 300px) 100vw, 300px" /></a></p>

2016/04/wicepremier-Jarosław-Gowin.jpg

wicepremier-Jarosław-Gowin-768x507.jpg

https://archiwum.invest-park.com.pl/wp-content/uploads/2016/04/wicepremier-Jarosław-Gowin-768x507.jpg

wicepremier-Jarosław-Gowin-393x260.jpg

https://archiwum.invest-park.com.pl/wp-content/uploads/2016/04/wicepremier-Jarosław-Gowin-393x260.jpg

wicepremier-Jarosław-Gowin-270x178.jpg

https://archiwum.invest-park.com.pl/wp-content/uploads/2016/04/wicepremier-Jarosław-Gowin-270x178.jpg

wicepremier-Jarosław-Gowin-300x198.jpg

https://archiwum.invest-park.com.pl/wp-content/uploads/2016/04/wicepremier-Jarosław-Gowin-300x198.jpg

wicepremier-Jarosław-Gowin-1024x676.jpg

https://archiwum.invest-park.com.pl/wp-content/uploads/2016/04/wicepremier-Jarosław-Gowin-1024x676.jpg

wicepremier-Jarosław-Gowin-600x396.jpg

https://archiwum.invest-park.com.pl/wp-content/uploads/2016/04/wicepremier-Jarosław-Gowin-600x396.jpg

wicepremier-Jarosław-Gowin-180x100.jpg

https://archiwum.invest-park.com.pl/wp-content/uploads/2016/04/wicepremier-Jarosław-Gowin-180x100.jpg

wicepremier-Jarosław-Gowin-600x280.jpg

https://archiwum.invest-park.com.pl/wp-content/uploads/2016/04/wicepremier-Jarosław-Gowin-600x280.jpg

wicepremier-Jarosław-Gowin.jpg
